{"id":805,"date":"2025-01-17T09:01:35","date_gmt":"2025-01-17T09:01:35","guid":{"rendered":"https:\/\/www.vivevelez.com\/?page_id=805"},"modified":"2025-01-28T08:42:17","modified_gmt":"2025-01-28T08:42:17","slug":"revive-velez-comercio-local","status":"publish","type":"page","link":"https:\/\/www.vivevelez.com\/index.php\/revive-velez-comercio-local\/","title":{"rendered":"ReVive V\u00e9lez"},"content":{"rendered":"\n<p><strong>Revive V\u00e9lez<\/strong> es la nueva propuesta de ViVeV\u00e9lez, creada con el objetivo de fortalecer el tejido asociativo de nuestra ciudad y brindar apoyo directo a los sectores que m\u00e1s lo necesitan.<\/p>\n\n\n\n<p>A trav\u00e9s de esta iniciativa, podr\u00e1s participar activamente en diversas causas, ya sea como <strong>voluntario<\/strong>, mediante <strong>donaciones directas<\/strong> o en modalidad de <strong>fila 0<\/strong>, colaborando con las distintas ONG participantes.<\/p>\n\n\n\n<p><strong>Nuestros objetivos clave incluyen:<\/strong><\/p>\n\n\n\n<ul class=\"wp-block-list\">\n<li><strong>Apoyo al comercio local en situaciones cr\u00edticas:<\/strong> Trabajamos para ayudar a los negocios que necesiten asistencia urgente, creando <strong>sinergias<\/strong>, organizando <strong>eventos solidarios<\/strong> y gestionando <strong>ayudas directas<\/strong> para contribuir a su recuperaci\u00f3n.<\/li>\n\n\n\n<li><strong>Compromiso con el medio ambiente:<\/strong> Nos esforzamos por apoyar a las personas y organizaciones que trabajan en la protecci\u00f3n y gesti\u00f3n del entorno natural de V\u00e9lez-M\u00e1laga.<\/li>\n\n\n\n<li><strong>Impulso a los j\u00f3venes artistas del municipio:<\/strong> Damos respaldo incondicional a los talentos emergentes, independientemente de su especialidad: arquitectura, escultura, pintura, m\u00fasica, danza, poes\u00eda, literatura, cine, entre otros. Queremos que nuestros artistas locales encuentren oportunidades para crecer y compartir su arte.<\/li>\n<\/ul>\n\n\n\n<p>En resumen, <strong>Revive V\u00e9lez<\/strong> representa una manera diferente de hacer las cosas: apoyando nuestras asociaciones, promoviendo la solidaridad y ayudando a los sectores que m\u00e1s lo necesitan.<\/p>\n\n\n\n<p>Si quieres saber m\u00e1s, contacta con nosotros por email <a href=\"mailto:clubvivevelez@gmail.com\">clubvivevelez@gmail.com<\/a> <\/p>\n\n\n\n<p><strong>#VIVEVELEZ \u2013 Por y para V\u00e9lez.<\/strong><\/p>\n","protected":false},"excerpt":{"rendered":"<p>Revive V\u00e9lez es la nueva propuesta de ViVeV\u00e9lez, creada con el objetivo de fortalecer el tejido asociativo de nuestra ciudad y brindar apoyo directo a los sectores que m\u00e1s lo necesitan. A trav\u00e9s de esta iniciativa, podr\u00e1s participar activamente en diversas causas, ya sea como voluntario, mediante donaciones directas o en modalidad de fila 0, [&hellip;]<\/p>\n","protected":false},"author":1,"featured_media":653,"parent":0,"menu_order":0,"comment_status":"closed","ping_status":"closed","template":"","meta":{"footnotes":""},"class_list":["post-805","page","type-page","status-publish","has-post-thumbnail","hentry"],"yoast_head":"<!-- This site is optimized with the Yoast SEO plugin v27.1.1 - https:\/\/yoast.com\/product\/yoast-seo-wordpress\/ -->\n<title>ReVive V\u00e9lez - vivevelez.com<\/title>\n<meta name=\"robots\" content=\"index, follow, max-snippet:-1, max-image-preview:large, max-video-preview:-1\" \/>\n<link rel=\"canonical\" href=\"https:\/\/www.vivevelez.com\/index.php\/revive-velez-comercio-local\/\" \/>\n<meta property=\"og:locale\" content=\"es_ES\" \/>\n<meta property=\"og:type\" content=\"article\" \/>\n<meta property=\"og:title\" content=\"ReVive V\u00e9lez - vivevelez.com\" \/>\n<meta property=\"og:description\" content=\"Revive V\u00e9lez es la nueva propuesta de ViVeV\u00e9lez, creada con el objetivo de fortalecer el tejido asociativo de nuestra ciudad y brindar apoyo directo a los sectores que m\u00e1s lo necesitan. A trav\u00e9s de esta iniciativa, podr\u00e1s participar activamente en diversas causas, ya sea como voluntario, mediante donaciones directas o en modalidad de fila 0, [&hellip;]\" \/>\n<meta property=\"og:url\" content=\"https:\/\/www.vivevelez.com\/index.php\/revive-velez-comercio-local\/\" \/>\n<meta property=\"og:site_name\" content=\"vivevelez.com\" \/>\n<meta property=\"article:modified_time\" content=\"2025-01-28T08:42:17+00:00\" \/>\n<meta property=\"og:image\" content=\"https:\/\/www.vivevelez.com\/wp-content\/uploads\/2020\/07\/20200722_212438-1-scaled.jpg\" \/>\n\t<meta property=\"og:image:width\" content=\"2560\" \/>\n\t<meta property=\"og:image:height\" content=\"1244\" \/>\n\t<meta property=\"og:image:type\" content=\"image\/jpeg\" \/>\n<meta name=\"twitter:card\" content=\"summary_large_image\" \/>\n<meta name=\"twitter:label1\" content=\"Tiempo de lectura\" \/>\n\t<meta name=\"twitter:data1\" content=\"1 minuto\" \/>\n<script type=\"application\/ld+json\" class=\"yoast-schema-graph\">{\"@context\":\"https:\/\/schema.org\",\"@graph\":[{\"@type\":\"WebPage\",\"@id\":\"https:\/\/www.vivevelez.com\/index.php\/revive-velez-comercio-local\/\",\"url\":\"https:\/\/www.vivevelez.com\/index.php\/revive-velez-comercio-local\/\",\"name\":\"ReVive V\u00e9lez - vivevelez.com\",\"isPartOf\":{\"@id\":\"https:\/\/www.vivevelez.com\/#website\"},\"primaryImageOfPage\":{\"@id\":\"https:\/\/www.vivevelez.com\/index.php\/revive-velez-comercio-local\/#primaryimage\"},\"image\":{\"@id\":\"https:\/\/www.vivevelez.com\/index.php\/revive-velez-comercio-local\/#primaryimage\"},\"thumbnailUrl\":\"https:\/\/www.vivevelez.com\/wp-content\/uploads\/2020\/07\/20200722_212438-1-scaled.jpg\",\"datePublished\":\"2025-01-17T09:01:35+00:00\",\"dateModified\":\"2025-01-28T08:42:17+00:00\",\"breadcrumb\":{\"@id\":\"https:\/\/www.vivevelez.com\/index.php\/revive-velez-comercio-local\/#breadcrumb\"},\"inLanguage\":\"es\",\"potentialAction\":[{\"@type\":\"ReadAction\",\"target\":[\"https:\/\/www.vivevelez.com\/index.php\/revive-velez-comercio-local\/\"]}]},{\"@type\":\"ImageObject\",\"inLanguage\":\"es\",\"@id\":\"https:\/\/www.vivevelez.com\/index.php\/revive-velez-comercio-local\/#primaryimage\",\"url\":\"https:\/\/www.vivevelez.com\/wp-content\/uploads\/2020\/07\/20200722_212438-1-scaled.jpg\",\"contentUrl\":\"https:\/\/www.vivevelez.com\/wp-content\/uploads\/2020\/07\/20200722_212438-1-scaled.jpg\",\"width\":2560,\"height\":1244},{\"@type\":\"BreadcrumbList\",\"@id\":\"https:\/\/www.vivevelez.com\/index.php\/revive-velez-comercio-local\/#breadcrumb\",\"itemListElement\":[{\"@type\":\"ListItem\",\"position\":1,\"name\":\"Portada\",\"item\":\"https:\/\/www.vivevelez.com\/\"},{\"@type\":\"ListItem\",\"position\":2,\"name\":\"ReVive V\u00e9lez\"}]},{\"@type\":\"WebSite\",\"@id\":\"https:\/\/www.vivevelez.com\/#website\",\"url\":\"https:\/\/www.vivevelez.com\/\",\"name\":\"vivevelez.com\",\"description\":\"V&eacute;lez-M&aacute;laga; Historia,Cultura,Gastronom&iacute;a,Arte,Lugares,Oficios,Personajes\",\"publisher\":{\"@id\":\"https:\/\/www.vivevelez.com\/#organization\"},\"potentialAction\":[{\"@type\":\"SearchAction\",\"target\":{\"@type\":\"EntryPoint\",\"urlTemplate\":\"https:\/\/www.vivevelez.com\/?s={search_term_string}\"},\"query-input\":{\"@type\":\"PropertyValueSpecification\",\"valueRequired\":true,\"valueName\":\"search_term_string\"}}],\"inLanguage\":\"es\"},{\"@type\":\"Organization\",\"@id\":\"https:\/\/www.vivevelez.com\/#organization\",\"name\":\"vivevelez.com\",\"url\":\"https:\/\/www.vivevelez.com\/\",\"logo\":{\"@type\":\"ImageObject\",\"inLanguage\":\"es\",\"@id\":\"https:\/\/www.vivevelez.com\/#\/schema\/logo\/image\/\",\"url\":\"https:\/\/www.vivevelez.com\/wp-content\/uploads\/2025\/01\/vive-velez.jpg\",\"contentUrl\":\"https:\/\/www.vivevelez.com\/wp-content\/uploads\/2025\/01\/vive-velez.jpg\",\"width\":1600,\"height\":566,\"caption\":\"vivevelez.com\"},\"image\":{\"@id\":\"https:\/\/www.vivevelez.com\/#\/schema\/logo\/image\/\"}}]}<\/script>\n<!-- \/ Yoast SEO plugin. -->","yoast_head_json":{"title":"ReVive V\u00e9lez - vivevelez.com","robots":{"index":"index","follow":"follow","max-snippet":"max-snippet:-1","max-image-preview":"max-image-preview:large","max-video-preview":"max-video-preview:-1"},"canonical":"https:\/\/www.vivevelez.com\/index.php\/revive-velez-comercio-local\/","og_locale":"es_ES","og_type":"article","og_title":"ReVive V\u00e9lez - vivevelez.com","og_description":"Revive V\u00e9lez es la nueva propuesta de ViVeV\u00e9lez, creada con el objetivo de fortalecer el tejido asociativo de nuestra ciudad y brindar apoyo directo a los sectores que m\u00e1s lo necesitan. A trav\u00e9s de esta iniciativa, podr\u00e1s participar activamente en diversas causas, ya sea como voluntario, mediante donaciones directas o en modalidad de fila 0, [&hellip;]","og_url":"https:\/\/www.vivevelez.com\/index.php\/revive-velez-comercio-local\/","og_site_name":"vivevelez.com","article_modified_time":"2025-01-28T08:42:17+00:00","og_image":[{"width":2560,"height":1244,"url":"https:\/\/www.vivevelez.com\/wp-content\/uploads\/2020\/07\/20200722_212438-1-scaled.jpg","type":"image\/jpeg"}],"twitter_card":"summary_large_image","twitter_misc":{"Tiempo de lectura":"1 minuto"},"schema":{"@context":"https:\/\/schema.org","@graph":[{"@type":"WebPage","@id":"https:\/\/www.vivevelez.com\/index.php\/revive-velez-comercio-local\/","url":"https:\/\/www.vivevelez.com\/index.php\/revive-velez-comercio-local\/","name":"ReVive V\u00e9lez - vivevelez.com","isPartOf":{"@id":"https:\/\/www.vivevelez.com\/#website"},"primaryImageOfPage":{"@id":"https:\/\/www.vivevelez.com\/index.php\/revive-velez-comercio-local\/#primaryimage"},"image":{"@id":"https:\/\/www.vivevelez.com\/index.php\/revive-velez-comercio-local\/#primaryimage"},"thumbnailUrl":"https:\/\/www.vivevelez.com\/wp-content\/uploads\/2020\/07\/20200722_212438-1-scaled.jpg","datePublished":"2025-01-17T09:01:35+00:00","dateModified":"2025-01-28T08:42:17+00:00","breadcrumb":{"@id":"https:\/\/www.vivevelez.com\/index.php\/revive-velez-comercio-local\/#breadcrumb"},"inLanguage":"es","potentialAction":[{"@type":"ReadAction","target":["https:\/\/www.vivevelez.com\/index.php\/revive-velez-comercio-local\/"]}]},{"@type":"ImageObject","inLanguage":"es","@id":"https:\/\/www.vivevelez.com\/index.php\/revive-velez-comercio-local\/#primaryimage","url":"https:\/\/www.vivevelez.com\/wp-content\/uploads\/2020\/07\/20200722_212438-1-scaled.jpg","contentUrl":"https:\/\/www.vivevelez.com\/wp-content\/uploads\/2020\/07\/20200722_212438-1-scaled.jpg","width":2560,"height":1244},{"@type":"BreadcrumbList","@id":"https:\/\/www.vivevelez.com\/index.php\/revive-velez-comercio-local\/#breadcrumb","itemListElement":[{"@type":"ListItem","position":1,"name":"Portada","item":"https:\/\/www.vivevelez.com\/"},{"@type":"ListItem","position":2,"name":"ReVive V\u00e9lez"}]},{"@type":"WebSite","@id":"https:\/\/www.vivevelez.com\/#website","url":"https:\/\/www.vivevelez.com\/","name":"vivevelez.com","description":"V&eacute;lez-M&aacute;laga; Historia,Cultura,Gastronom&iacute;a,Arte,Lugares,Oficios,Personajes","publisher":{"@id":"https:\/\/www.vivevelez.com\/#organization"},"potentialAction":[{"@type":"SearchAction","target":{"@type":"EntryPoint","urlTemplate":"https:\/\/www.vivevelez.com\/?s={search_term_string}"},"query-input":{"@type":"PropertyValueSpecification","valueRequired":true,"valueName":"search_term_string"}}],"inLanguage":"es"},{"@type":"Organization","@id":"https:\/\/www.vivevelez.com\/#organization","name":"vivevelez.com","url":"https:\/\/www.vivevelez.com\/","logo":{"@type":"ImageObject","inLanguage":"es","@id":"https:\/\/www.vivevelez.com\/#\/schema\/logo\/image\/","url":"https:\/\/www.vivevelez.com\/wp-content\/uploads\/2025\/01\/vive-velez.jpg","contentUrl":"https:\/\/www.vivevelez.com\/wp-content\/uploads\/2025\/01\/vive-velez.jpg","width":1600,"height":566,"caption":"vivevelez.com"},"image":{"@id":"https:\/\/www.vivevelez.com\/#\/schema\/logo\/image\/"}}]}},"_links":{"self":[{"href":"https:\/\/www.vivevelez.com\/index.php\/wp-json\/wp\/v2\/pages\/805","targetHints":{"allow":["GET"]}}],"collection":[{"href":"https:\/\/www.vivevelez.com\/index.php\/wp-json\/wp\/v2\/pages"}],"about":[{"href":"https:\/\/www.vivevelez.com\/index.php\/wp-json\/wp\/v2\/types\/page"}],"author":[{"embeddable":true,"href":"https:\/\/www.vivevelez.com\/index.php\/wp-json\/wp\/v2\/users\/1"}],"replies":[{"embeddable":true,"href":"https:\/\/www.vivevelez.com\/index.php\/wp-json\/wp\/v2\/comments?post=805"}],"version-history":[{"count":4,"href":"https:\/\/www.vivevelez.com\/index.php\/wp-json\/wp\/v2\/pages\/805\/revisions"}],"predecessor-version":[{"id":903,"href":"https:\/\/www.vivevelez.com\/index.php\/wp-json\/wp\/v2\/pages\/805\/revisions\/903"}],"wp:featuredmedia":[{"embeddable":true,"href":"https:\/\/www.vivevelez.com\/index.php\/wp-json\/wp\/v2\/media\/653"}],"wp:attachment":[{"href":"https:\/\/www.vivevelez.com\/index.php\/wp-json\/wp\/v2\/media?parent=805"}],"curies":[{"name":"wp","href":"https:\/\/api.w.org\/{rel}","templated":true}]}}